2 = 4*m. List the prime factors of l(x).
3
Let x = 2 + 1. Let z be (21/(-6) + x)*12. What are the prime factors of ((-8)/z)/((-2)/(-21))?
2, 7
List the prime factors of 771/21 - 10/(-35).
37
Let l(w) = -w**3 - 6*w**2 - 5*w + 4. Let a be l(-5). Suppose a*n + 13 = 45. Suppose 4*t + n = -2*c, t = 5*t + 12. List the prime factors of c.
2
List the prime factors of 790/4 + (-10)/(-20).
2, 3, 11
Suppose -x + 3*v = -8, 5*x - 4*v + 0*v = 62. What are the prime factors of x?
2, 7
Let f = -1 + 3. List the prime factors of f.
2
Suppose k = -k + 58. Suppose -3*m + k = -i, 0 = 4*m - 4*i - 5 - 31. What are the prime factors of m?
2, 5
Suppose -4*j + 4*f = 20, -j + 4*f = -3*j - 10. Suppose 4*m - 9*m = 80. Let n = j - m. List the prime factors of n.
11
List the prime factors of 28*(265/20 + -4).
7, 37
Suppose -2*i = 5*q + 71 - 244, 4*i + 4*q = 328. List the prime factors of i.
79
Let g(r) = r**2 + 6*r + 7. Let q be g(-5). Suppose 5*d = 4*w + 19, d + 4*w = 1 - q. List the prime factors of d.
3
Suppose -y - 37 = -0*u - 2*u, 3*u - 56 = 2*y. Suppose 4*x - 66 = -u. What are the prime factors of x?
2, 3
Suppose -5 = -2*g + g. Suppose -l + c + 2*c = 4, g*l = -3*c + 70. List the prime factors of l.
11
List the prime factors of -2 - (-1)/2*142.
3, 23
Suppose 3*o - 4*h - 275 = -42, -5*o + 365 = 5*h. List the prime factors of o.
3, 5
Let s(y) = -y**3 + y**2 + y - 1. List the prime factors of s(-2).
3
Let x(o) = o**3 - 3*o**2 - 3*o + 2. Let l be x(4). Let p = -3 + l. Suppose -k - r + 13 = -3*r, -p*r = 0. List the prime factors of k.
13
Suppose 4*v + 3*b - 20 = 0, -5*v = -2*b - 2 - 0. List the prime factors of v/5 + (-52)/(-20).
3
Suppose -2*h - 248 = 2*h. Let o = -29 - h. Suppose 3 = -2*t + o. List the prime factors of t.
3, 5
Let v(h) = -h - 2. Let z be v(-8). Let q be z/(-27) - (-58)/18. Suppose i - 19 = -3*i - 3*l, -4*i + q*l + 13 = 0. What are the prime factors of i?
2
Let p = -7 + 15. Suppose -6*l = -p*l + 6. What are the prime factors of l?
3
Let y = 0 - -3. List the prime factors of (18/5)/(y/15).
2, 3
Let u(m) = m**3 - 4*m**2 - 2*m + 2. Let d(z) = -z**3 - 5*z**2 - 4*z + 5. Let y be d(-4). What are the prime factors of u(y)?
17
What are the prime factors of (-1*7)/(13/(-39))?
3, 7
Let s(h) = -5 + 2 - 3*h - 2 + 1. List the prime factors of s(-5).
11
Let f be (-2)/(-4)*(7 - 1). Suppose -f + 1 = -a. List the prime factors of a.
2
Suppose 2*q - 7 = -2*q - b, -5*b - 28 = -q. What are the prime factors of q?
3
Let o(h) = -h + 5. Let q(v) = v**3 + 5*v**2 + 4*v - 5. Let s be q(-4). What are the prime factors of o(s)?
2, 5
Let l(c) = -c**2 - 7*c - 3. Let g be l(-3). Suppose 0 = -v - 2, -2*u - 11 = 2*v + g. Let h = u + 18. List the prime factors of h.
2, 5
Let v be 4/(1/(189/(-6))). Let s = -72 - v. Suppose 19 = -5*c + s. List the prime factors of c.
7
Let z(r) = -r + 7. Let f be z(10). Let o(x) = -x - 1. List the prime factors of o(f).
2
Let r(w) = w + 5. Let h be r(0). Suppose 0*m = -h*m + 40. Suppose 0*s + m = s. What are the prime factors of s?
2
Let p(w) = -w**2 + 6*w - 4. Let r be p(4). Let d = r + 9. What are the prime factors of d?
13
Let a be (9/6 - 1)*10. Suppose f - a = 1. What are the prime factors of f?
2, 3
Suppose 0 = s - 3*s - 10. List the prime factors of (-9)/6*(3 + s).
3
Suppose -2*p = 4, -2*p - 142 - 6 = -4*s. What are the prime factors of s?
2, 3
Suppose 0 = -m + 4*m + 2*d - 111, -4*m - 3*d + 149 = 0. Let a = m + -5. List the prime factors of a.
2, 3, 5
Let d = 25 + -4. Suppose 0 = 2*p - d - 7. What are the prime factors of p?
2, 7
Let w be (-9)/(-6) - (-7)/(-2). Let r(t) = -t**3 - 8*t**2 - 6*t + 9. Let d be r(-7). What are the prime factors of d*(-11)/w + 1?
2, 3
Suppose 3*n = -n + 904. What are the prime factors of n?
2, 113
Let w = -3 + 21. Suppose -3*u = -4*v + 49, -3*u + w = 3*v - 3. List the prime factors of v.
2, 5
Suppose 0 = -2*w + 4, -5*w = -5*u - 0*u + 5. List the prime factors of (2 - 1)*(u - -7).
2, 5
Let n(u) = u**2 - 2*u + 41. Let h be n(0). Suppose -h = -4*x + 23. What are the prime factors of x?
2
Let f = -3 + 5. Suppose 0 = -f*m - 0*m + 5*t + 51, 5*t + 25 = 0. Suppose 2*a + 1 = m. What are the prime factors of a?
2, 3
Let d = 4 + -2. Suppose 3*p = 2*p + d. List the prime factors of 4 + p*-1 + 2.
2
Let p be 68*(-1 + (-3)/(-2)). Suppose 2*g = 102 - 36. Suppose 0*x - 4*x = -3*f + p, -3*f + 3*x + g = 0. List the prime factors of f.
2, 5
Let c(d) be the first derivative of -d**4/4 + 13*d**3/3 + 17*d**2/2 - 6*d - 8. List the prime factors of c(14).
2, 3
Let s be (2/5)/(7/(-105)). List the prime factors of 2*((-69)/s + -1).
3, 7
Suppose 3*q + 109 = 2*u - 136, 4*q = 12. List the prime factors of u.
127
Let t(i) = -i**3 + 2*i**2 + 2*i - 4. Let n be t(3). What are the prime factors of (n + 34)/(6/4)?
2, 3
Let d be (-2)/(-10) - (-1)/(-5). Suppose d = -t + 3*t - 56. What are the prime factors of t?
2, 7
Let z = 297 - 162. List the prime factors of z.
3, 5
Let y(g) = 2*g**2 - g + 16. List the prime factors of y(0).
2
Let y be -3 + 38/2 + -3. Let d = y - -11. What are the prime factors of d?
2, 3
Let i(x) = -x**3 - 4*x**2 - 4*x. Let j be i(-4). Let l = j - 0. List the prime factors of l.
2
Let c(o) = -12*o - 2. List the prime factors of c(-6).
2, 5, 7
Let a(z) = -24*z + 1. List the prime factors of a(-2).
7
Let w(p) = -p**2 - 7*p - 7. Let o be w(-5). Suppose 18 = 2*v - 2*j, o*v = 2*j - 0 + 23. List the prime factors of v.
5
Let r(y) = y**2 - 5*y + 1. List the prime factors of r(8).
5
Suppose 0 = -3*c - 2*q - 101, 3*c - 2*q = -7*q - 113. Let j = c - -52. List the prime factors of j.
3, 7
Let t = -12 - -32. Let j = t + -10. What are the prime factors of j?
2, 5
Suppose 0 = 2*y - y. Let w be (-1 - y)*60/(-5). Suppose 4 = -b + w. What are the prime factors of b?
2
Suppose 0 = -h + u + 13, 3*h - 2*u - 32 = 7. What are the prime factors of h?
13
Let d(o) = 8*o - 30. What are the prime factors of d(20)?
2, 5, 13
Let l = 12 - 10. Suppose 3*f - 94 = l*y, y = -0*y - 5. List the prime factors of f.
2, 7
Suppose 4*o - 183 = -a, -4*a + 2 = 6. What are the prime factors of o?
2, 23
Suppose -b = -42 + 3. List the prime factors of b.
3, 13
Let f = -60 - -84. What are the prime factors of f?
2, 3
Suppose 349 = 5*y + 109. List the prime factors of y.
2, 3
Suppose -16*w = -17*w + 34. List the prime factors of w.
2, 17
Let m = 7 - -74. Suppose m = 3*t + s, -t - 4*t + 2*s + 135 = 0. List the prime factors of t.
3
Let d(t) be the third derivative of -t**5/120 - 5*t**4/24 + t**3/2 + t**2. Let o(z) be the first derivative of d(z). What are the prime factors of o(-8)?
3
Suppose 2*j + c = -0*j + 5, 4*j - 40 = 4*c. Suppose 3*m - j*m + 42 = 0. List the prime factors of m.
3, 7
Let j(g) = -g**2 + g + 17. Suppose 2*s = -4*m - s + 6, 2 = -2*m + s. Let o be j(m). Suppose -o + 7 = -i. What are the prime factors of i?
2, 5
Let w(p) be the third derivative of -p**6/120 + p**5/10 + 3*p**4/8 + 7*p**3/6 - p**2. What are the prime factors of w(7)?
3, 7
Let y(l) = -l**3 + 7*l**2 + 9*l - 1. Suppose r = -0*r. Let m = r - -8. What are the prime factors of y(m)?
7
Let a(x) = 3 - x + 6 - 2. What are the prime factors of a(3)?
2
Suppose -5*q + v + 81 = 5*v, 0 = -4*q + 3*v + 40. List the prime factors of q.
13
Let d be (-42)/(-8) + (-3)/12. Let f = 10 + d. List the prime factors of f.
3, 5
Let n = -62 + 121. What are the prime factors of n?
59
Let w be (-2 - 5) + 0 + 2. Let b(n) = -n**2 - 8*n - 5. List the prime factors of b(w).
2, 5
Let p(b) = b - 1. Let y be p(-3). Let g = 9 + -10. Let t = g - y. List the prime factors of t.
3
Let v(s) = -2*s**2 + 18*s + 11. What are the prime factors of v(8)?
3
Let l = 58 + -44. List the prime factors of l.
2, 7
Let h(i) = -i**3 + 7*i**2 + i - 5. Let p be -3 + 0 + (-120)/(-12). What are the prime factors of h(p)?
2
Let r be 6/(-4)*(-18)/9. List the prime factors of 26 + (r - 5) + 1.
5
Suppose 0 = 2*g + g - 39. List the prime factors of g.
13
Let t(c) = 446*c**2 + c - 2. What are the prime factors of t(-1)?
443
What are the prime factors of (-58)/(-2) + (-3)/1?
2, 13
Suppose -2*k + 119 = 5*y, -3*k + 2*y + 103 + 47 = 0. Suppose -s = 3*s - k. List the prime factors of s.
13
Let w(u) = 22*u + 43. List the prime factors of w(7).
197
Suppose -2*t + 1 = -15. Let p(q) = q**3 - 9*q**2 + 12*q - 12. Let u be p(t). Suppose 5*y - u = 5*d, 4*y = 8*y - d - 25. What are 